{"id":379,"date":"2018-07-10T18:23:46","date_gmt":"2018-07-10T16:23:46","guid":{"rendered":"http:\/\/toutpourlesaidants.fr\/?page_id=379"},"modified":"2019-12-16T12:09:18","modified_gmt":"2019-12-16T11:09:18","slug":"on-parle-de-nous","status":"publish","type":"page","link":"https:\/\/toutpourlesaidants.fr\/index.php\/on-parle-de-nous\/","title":{"rendered":"On Parle de Nous"},"content":{"rendered":"<div class=\"pdfprnt-buttons pdfprnt-buttons-page pdfprnt-top-right\"><a href=\"https:\/\/toutpourlesaidants.fr\/index.php\/wp-json\/wp\/v2\/pages\/379?print=pdf\" class=\"pdfprnt-button pdfprnt-button-pdf\" target=\"_blank\"><img decoding=\"async\" src=\"http:\/\/toutpourlesaidants.fr\/wp-content\/plugins\/pdf-print\/images\/pdf.png\" alt=\"image_pdf\" title=\"Afficher le PDF\" \/><\/a><a href=\"https:\/\/toutpourlesaidants.fr\/index.php\/wp-json\/wp\/v2\/pages\/379?print=print\" class=\"pdfprnt-button pdfprnt-button-print\" target=\"_blank\"><img decoding=\"async\" src=\"http:\/\/toutpourlesaidants.fr\/wp-content\/plugins\/pdf-print\/images\/print.png\" alt=\"image_print\" title=\"Contenu imprim\u00e9\" \/><\/a><\/div><p><strong><span style=\"color: #008080;\">Europe 1<\/span><\/strong> &#8211; \u00e9mission du 7 septembre 2018 Marina, aidante \u00e0 la plateforme de Valence, et Catherine sont interrog\u00e9es :<\/p>\n<!--[if lt IE 9]><script>document.createElement('audio');<\/script><![endif]-->\n<audio class=\"wp-audio-shortcode\" id=\"audio-379-1\" preload=\"none\" style=\"width: 100%;\" controls=\"controls\"><source type=\"audio\/mpeg\" src=\"http:\/\/toutpourlesaidants.fr\/wp-content\/uploads\/2018\/09\/Europe-1-Les-aidants-familiaux-2018-09-07.mp3?_=1\" \/><a href=\"http:\/\/toutpourlesaidants.fr\/wp-content\/uploads\/2018\/09\/Europe-1-Les-aidants-familiaux-2018-09-07.mp3\">http:\/\/toutpourlesaidants.fr\/wp-content\/uploads\/2018\/09\/Europe-1-Les-aidants-familiaux-2018-09-07.mp3<\/a><\/audio>\n<p>&nbsp;<\/p>\n<p><strong><span style=\"color: #008080;\">Radio France Bleue :<\/span><\/strong><\/p>\n<audio class=\"wp-audio-shortcode\" id=\"audio-379-2\" preload=\"none\" style=\"width: 100%;\" controls=\"controls\"><source type=\"audio\/mpeg\" src=\"http:\/\/toutpourlesaidants.fr\/wp-content\/uploads\/2018\/07\/Radio-France-Bleue-1.mp3?_=2\" \/><a href=\"http:\/\/toutpourlesaidants.fr\/wp-content\/uploads\/2018\/07\/Radio-France-Bleue-1.mp3\">http:\/\/toutpourlesaidants.fr\/wp-content\/uploads\/2018\/07\/Radio-France-Bleue-1.mp3<\/a><\/audio>\n<p>&nbsp;<\/p>\n<audio class=\"wp-audio-shortcode\" id=\"audio-379-3\" preload=\"none\" style=\"width: 100%;\" controls=\"controls\"><source type=\"audio\/mpeg\" src=\"http:\/\/toutpourlesaidants.fr\/wp-content\/uploads\/2018\/07\/Radio-France-Bleue-2.mp3?_=3\" \/><a href=\"http:\/\/toutpourlesaidants.fr\/wp-content\/uploads\/2018\/07\/Radio-France-Bleue-2.mp3\">http:\/\/toutpourlesaidants.fr\/wp-content\/uploads\/2018\/07\/Radio-France-Bleue-2.mp3<\/a><\/audio>\n<p style=\"text-align: center;\"><span style=\"color: #0000ff;\"><img loading=\"lazy\" decoding=\"async\" class=\"wp-image-1325 aligncenter\" src=\"http:\/\/toutpourlesaidants.fr\/wp-content\/uploads\/2019\/02\/separateur-1.jpg\" alt=\"\" width=\"264\" height=\"46\" srcset=\"https:\/\/toutpourlesaidants.fr\/wp-content\/uploads\/2019\/02\/separateur-1.jpg 825w, https:\/\/toutpourlesaidants.fr\/wp-content\/uploads\/2019\/02\/separateur-1-300x52.jpg 300w, https:\/\/toutpourlesaidants.fr\/wp-content\/uploads\/2019\/02\/separateur-1-768x134.jpg 768w, https:\/\/toutpourlesaidants.fr\/wp-content\/uploads\/2019\/02\/separateur-1-750x131.jpg 750w, https:\/\/toutpourlesaidants.fr\/wp-content\/uploads\/2019\/02\/separateur-1-400x70.jpg 400w, https:\/\/toutpourlesaidants.fr\/wp-content\/uploads\/2019\/02\/separateur-1-430x75.jpg 430w, https:\/\/toutpourlesaidants.fr\/wp-content\/uploads\/2019\/02\/separateur-1-150x26.jpg 150w, https:\/\/toutpourlesaidants.fr\/wp-content\/uploads\/2019\/02\/separateur-1-100x17.jpg 100w\" sizes=\"(max-width: 264px) 100vw, 264px\" \/><\/span><span style=\"color: #800080; font-size: 18pt;\">Dans la presse <\/span><\/p>\n<p style=\"text-align: center;\"><span style=\"color: #0000ff;\">Cliquez sur les images pour les agrandir<\/span><\/p>\n<p>Le Dauphin\u00e9 lib\u00e9r\u00e9 du jeudi 12 d\u00e9cembre 2019<\/p>\n<p><a href=\"http:\/\/toutpourlesaidants.fr\/wp-content\/uploads\/2019\/12\/Expo-litho-Dauphin\u00e9.jpg\" target=\"_blank\" rel=\"noopener noreferrer\"><img loading=\"lazy\" decoding=\"async\" class=\"alignnone size-medium wp-image-1771\" src=\"http:\/\/toutpourlesaidants.fr\/wp-content\/uploads\/2019\/12\/Expo-litho-Dauphin\u00e9-300x138.jpg\" alt=\"\" width=\"300\" height=\"138\" srcset=\"https:\/\/toutpourlesaidants.fr\/wp-content\/uploads\/2019\/12\/Expo-litho-Dauphin\u00e9-300x138.jpg 300w, https:\/\/toutpourlesaidants.fr\/wp-content\/uploads\/2019\/12\/Expo-litho-Dauphin\u00e9-768x354.jpg 768w, https:\/\/toutpourlesaidants.fr\/wp-content\/uploads\/2019\/12\/Expo-litho-Dauphin\u00e9-1024x472.jpg 1024w, https:\/\/toutpourlesaidants.fr\/wp-content\/uploads\/2019\/12\/Expo-litho-Dauphin\u00e9-750x345.jpg 750w, https:\/\/toutpourlesaidants.fr\/wp-content\/uploads\/2019\/12\/Expo-litho-Dauphin\u00e9-400x184.jpg 400w, https:\/\/toutpourlesaidants.fr\/wp-content\/uploads\/2019\/12\/Expo-litho-Dauphin\u00e9-430x198.jpg 430w, https:\/\/toutpourlesaidants.fr\/wp-content\/uploads\/2019\/12\/Expo-litho-Dauphin\u00e9-150x69.jpg 150w, https:\/\/toutpourlesaidants.fr\/wp-content\/uploads\/2019\/12\/Expo-litho-Dauphin\u00e9-100x46.jpg 100w, https:\/\/toutpourlesaidants.fr\/wp-content\/uploads\/2019\/12\/Expo-litho-Dauphin\u00e9.jpg 1307w\" sizes=\"(max-width: 300px) 100vw, 300px\" \/><\/a><\/p>\n<p>&nbsp;<\/p>\n<p>Voir Valence N\u00b0 31 \u00e9t\u00e9 2018<\/p>\n<p><a href=\"http:\/\/toutpourlesaidants.fr\/wp-content\/uploads\/2018\/07\/Voir-Valence-n\u00b031-\u00e9t\u00e9-2018.jpg\" target=\"_blank\" rel=\"noopener noreferrer\"><img loading=\"lazy\" decoding=\"async\" class=\"wp-image-387 size-medium\" src=\"http:\/\/toutpourlesaidants.fr\/wp-content\/uploads\/2018\/07\/Voir-Valence-n\u00b031-\u00e9t\u00e9-2018-110x300.jpg\" alt=\"\" width=\"110\" height=\"300\" srcset=\"https:\/\/toutpourlesaidants.fr\/wp-content\/uploads\/2018\/07\/Voir-Valence-n\u00b031-\u00e9t\u00e9-2018-110x300.jpg 110w, https:\/\/toutpourlesaidants.fr\/wp-content\/uploads\/2018\/07\/Voir-Valence-n\u00b031-\u00e9t\u00e9-2018-150x411.jpg 150w, https:\/\/toutpourlesaidants.fr\/wp-content\/uploads\/2018\/07\/Voir-Valence-n\u00b031-\u00e9t\u00e9-2018-100x274.jpg 100w, https:\/\/toutpourlesaidants.fr\/wp-content\/uploads\/2018\/07\/Voir-Valence-n\u00b031-\u00e9t\u00e9-2018.jpg 292w\" sizes=\"(max-width: 110px) 100vw, 110px\" \/><\/a><\/p>\n<p>Le Dauphin\u00e9 lib\u00e9r\u00e9, janvier 2017<\/p>\n<p><a style=\"-webkit-user-drag: none;\" href=\"http:\/\/toutpourlesaidants.fr\/wp-content\/uploads\/2018\/07\/PDR-Dauph-janv-2017.jpg\"><img loading=\"lazy\" decoding=\"async\" class=\"wp-image-386 size-medium\" style=\"-webkit-user-drag: none; display: inline-block; margin-bottom: -1ex;\" src=\"http:\/\/toutpourlesaidants.fr\/wp-content\/uploads\/2018\/07\/PDR-Dauph-janv-2017-300x209.jpg\" alt=\"\" width=\"300\" height=\"209\" srcset=\"https:\/\/toutpourlesaidants.fr\/wp-content\/uploads\/2018\/07\/PDR-Dauph-janv-2017-300x209.jpg 300w, https:\/\/toutpourlesaidants.fr\/wp-content\/uploads\/2018\/07\/PDR-Dauph-janv-2017-768x536.jpg 768w, https:\/\/toutpourlesaidants.fr\/wp-content\/uploads\/2018\/07\/PDR-Dauph-janv-2017-1024x715.jpg 1024w, https:\/\/toutpourlesaidants.fr\/wp-content\/uploads\/2018\/07\/PDR-Dauph-janv-2017-750x524.jpg 750w, https:\/\/toutpourlesaidants.fr\/wp-content\/uploads\/2018\/07\/PDR-Dauph-janv-2017-400x279.jpg 400w, https:\/\/toutpourlesaidants.fr\/wp-content\/uploads\/2018\/07\/PDR-Dauph-janv-2017-430x300.jpg 430w, https:\/\/toutpourlesaidants.fr\/wp-content\/uploads\/2018\/07\/PDR-Dauph-janv-2017-150x105.jpg 150w, https:\/\/toutpourlesaidants.fr\/wp-content\/uploads\/2018\/07\/PDR-Dauph-janv-2017-100x70.jpg 100w\" sizes=\"(max-width: 300px) 100vw, 300px\" \/><\/a><\/p>\n<p>&nbsp;<\/p>\n<p>&nbsp;<\/p>\n","protected":false},"excerpt":{"rendered":"<p>Europe 1 &#8211; \u00e9mission du 7 septembre 2018 Marina, aidante \u00e0 la plateforme de Valence, et Catherine sont interrog\u00e9es : &nbsp; Radio France Bleue : &nbsp; Dans la presse Cliquez [&hellip;]<\/p>\n","protected":false},"author":3,"featured_media":0,"parent":0,"menu_order":0,"comment_status":"closed","ping_status":"closed","template":"","meta":{"footnotes":""},"yoast_head":"<!-- This site is optimized with the Yoast SEO plugin v20.2.1 - https:\/\/yoast.com\/wordpress\/plugins\/seo\/ -->\n<title>On Parle de Nous - r\u00e9pit et accompagnement des aidants<\/title>\n<meta name=\"robots\" content=\"index, follow, max-snippet:-1, max-image-preview:large, max-video-preview:-1\" \/>\n<link rel=\"canonical\" href=\"https:\/\/toutpourlesaidants.fr\/index.php\/on-parle-de-nous\/\" \/>\n<meta property=\"og:locale\" content=\"fr_FR\" \/>\n<meta property=\"og:type\" content=\"article\" \/>\n<meta property=\"og:title\" content=\"On Parle de Nous - r\u00e9pit et accompagnement des aidants\" \/>\n<meta property=\"og:description\" content=\"Europe 1 &#8211; \u00e9mission du 7 septembre 2018 Marina, aidante \u00e0 la plateforme de Valence, et Catherine sont interrog\u00e9es : &nbsp; Radio France Bleue : &nbsp; Dans la presse Cliquez [&hellip;]\" \/>\n<meta property=\"og:url\" content=\"https:\/\/toutpourlesaidants.fr\/index.php\/on-parle-de-nous\/\" \/>\n<meta property=\"og:site_name\" content=\"r\u00e9pit et accompagnement des aidants\" \/>\n<meta property=\"article:modified_time\" content=\"2019-12-16T11:09:18+00:00\" \/>\n<meta property=\"og:image\" content=\"http:\/\/toutpourlesaidants.fr\/wp-content\/uploads\/2019\/02\/separateur-1.jpg\" \/>\n<meta name=\"twitter:card\" content=\"summary_large_image\" \/>\n<script type=\"application\/ld+json\" class=\"yoast-schema-graph\">{\"@context\":\"https:\/\/schema.org\",\"@graph\":[{\"@type\":\"WebPage\",\"@id\":\"https:\/\/toutpourlesaidants.fr\/index.php\/on-parle-de-nous\/\",\"url\":\"https:\/\/toutpourlesaidants.fr\/index.php\/on-parle-de-nous\/\",\"name\":\"On Parle de Nous - r\u00e9pit et accompagnement des aidants\",\"isPartOf\":{\"@id\":\"https:\/\/toutpourlesaidants.fr\/#website\"},\"datePublished\":\"2018-07-10T16:23:46+00:00\",\"dateModified\":\"2019-12-16T11:09:18+00:00\",\"breadcrumb\":{\"@id\":\"https:\/\/toutpourlesaidants.fr\/index.php\/on-parle-de-nous\/#breadcrumb\"},\"inLanguage\":\"fr-FR\",\"potentialAction\":[{\"@type\":\"ReadAction\",\"target\":[\"https:\/\/toutpourlesaidants.fr\/index.php\/on-parle-de-nous\/\"]}]},{\"@type\":\"BreadcrumbList\",\"@id\":\"https:\/\/toutpourlesaidants.fr\/index.php\/on-parle-de-nous\/#breadcrumb\",\"itemListElement\":[{\"@type\":\"ListItem\",\"position\":1,\"name\":\"Accueil\",\"item\":\"https:\/\/toutpourlesaidants.fr\/\"},{\"@type\":\"ListItem\",\"position\":2,\"name\":\"On Parle de Nous\"}]},{\"@type\":\"WebSite\",\"@id\":\"https:\/\/toutpourlesaidants.fr\/#website\",\"url\":\"https:\/\/toutpourlesaidants.fr\/\",\"name\":\"tout pour les aidants\",\"description\":\"Plateforme de Valence et ses environs\",\"publisher\":{\"@id\":\"https:\/\/toutpourlesaidants.fr\/#organization\"},\"potentialAction\":[{\"@type\":\"SearchAction\",\"target\":{\"@type\":\"EntryPoint\",\"urlTemplate\":\"https:\/\/toutpourlesaidants.fr\/?s={search_term_string}\"},\"query-input\":\"required name=search_term_string\"}],\"inLanguage\":\"fr-FR\"},{\"@type\":\"Organization\",\"@id\":\"https:\/\/toutpourlesaidants.fr\/#organization\",\"name\":\"Plateforme de r\u00e9pit et d'accompagnement des aidants\",\"url\":\"https:\/\/toutpourlesaidants.fr\/\",\"logo\":{\"@type\":\"ImageObject\",\"inLanguage\":\"fr-FR\",\"@id\":\"https:\/\/toutpourlesaidants.fr\/#\/schema\/logo\/image\/\",\"url\":\"http:\/\/toutpourlesaidants.fr\/wp-content\/uploads\/2018\/10\/logo-plateforme.jpg\",\"contentUrl\":\"http:\/\/toutpourlesaidants.fr\/wp-content\/uploads\/2018\/10\/logo-plateforme.jpg\",\"width\":379,\"height\":378,\"caption\":\"Plateforme de r\u00e9pit et d'accompagnement des aidants\"},\"image\":{\"@id\":\"https:\/\/toutpourlesaidants.fr\/#\/schema\/logo\/image\/\"}}]}<\/script>\n<!-- \/ Yoast SEO plugin. -->","yoast_head_json":{"title":"On Parle de Nous - r\u00e9pit et accompagnement des aidants","robots":{"index":"index","follow":"follow","max-snippet":"max-snippet:-1","max-image-preview":"max-image-preview:large","max-video-preview":"max-video-preview:-1"},"canonical":"https:\/\/toutpourlesaidants.fr\/index.php\/on-parle-de-nous\/","og_locale":"fr_FR","og_type":"article","og_title":"On Parle de Nous - r\u00e9pit et accompagnement des aidants","og_description":"Europe 1 &#8211; \u00e9mission du 7 septembre 2018 Marina, aidante \u00e0 la plateforme de Valence, et Catherine sont interrog\u00e9es : &nbsp; Radio France Bleue : &nbsp; Dans la presse Cliquez [&hellip;]","og_url":"https:\/\/toutpourlesaidants.fr\/index.php\/on-parle-de-nous\/","og_site_name":"r\u00e9pit et accompagnement des aidants","article_modified_time":"2019-12-16T11:09:18+00:00","og_image":[{"url":"http:\/\/toutpourlesaidants.fr\/wp-content\/uploads\/2019\/02\/separateur-1.jpg"}],"twitter_card":"summary_large_image","schema":{"@context":"https:\/\/schema.org","@graph":[{"@type":"WebPage","@id":"https:\/\/toutpourlesaidants.fr\/index.php\/on-parle-de-nous\/","url":"https:\/\/toutpourlesaidants.fr\/index.php\/on-parle-de-nous\/","name":"On Parle de Nous - r\u00e9pit et accompagnement des aidants","isPartOf":{"@id":"https:\/\/toutpourlesaidants.fr\/#website"},"datePublished":"2018-07-10T16:23:46+00:00","dateModified":"2019-12-16T11:09:18+00:00","breadcrumb":{"@id":"https:\/\/toutpourlesaidants.fr\/index.php\/on-parle-de-nous\/#breadcrumb"},"inLanguage":"fr-FR","potentialAction":[{"@type":"ReadAction","target":["https:\/\/toutpourlesaidants.fr\/index.php\/on-parle-de-nous\/"]}]},{"@type":"BreadcrumbList","@id":"https:\/\/toutpourlesaidants.fr\/index.php\/on-parle-de-nous\/#breadcrumb","itemListElement":[{"@type":"ListItem","position":1,"name":"Accueil","item":"https:\/\/toutpourlesaidants.fr\/"},{"@type":"ListItem","position":2,"name":"On Parle de Nous"}]},{"@type":"WebSite","@id":"https:\/\/toutpourlesaidants.fr\/#website","url":"https:\/\/toutpourlesaidants.fr\/","name":"tout pour les aidants","description":"Plateforme de Valence et ses environs","publisher":{"@id":"https:\/\/toutpourlesaidants.fr\/#organization"},"potentialAction":[{"@type":"SearchAction","target":{"@type":"EntryPoint","urlTemplate":"https:\/\/toutpourlesaidants.fr\/?s={search_term_string}"},"query-input":"required name=search_term_string"}],"inLanguage":"fr-FR"},{"@type":"Organization","@id":"https:\/\/toutpourlesaidants.fr\/#organization","name":"Plateforme de r\u00e9pit et d'accompagnement des aidants","url":"https:\/\/toutpourlesaidants.fr\/","logo":{"@type":"ImageObject","inLanguage":"fr-FR","@id":"https:\/\/toutpourlesaidants.fr\/#\/schema\/logo\/image\/","url":"http:\/\/toutpourlesaidants.fr\/wp-content\/uploads\/2018\/10\/logo-plateforme.jpg","contentUrl":"http:\/\/toutpourlesaidants.fr\/wp-content\/uploads\/2018\/10\/logo-plateforme.jpg","width":379,"height":378,"caption":"Plateforme de r\u00e9pit et d'accompagnement des aidants"},"image":{"@id":"https:\/\/toutpourlesaidants.fr\/#\/schema\/logo\/image\/"}}]}},"_links":{"self":[{"href":"https:\/\/toutpourlesaidants.fr\/index.php\/wp-json\/wp\/v2\/pages\/379"}],"collection":[{"href":"https:\/\/toutpourlesaidants.fr\/index.php\/wp-json\/wp\/v2\/pages"}],"about":[{"href":"https:\/\/toutpourlesaidants.fr\/index.php\/wp-json\/wp\/v2\/types\/page"}],"author":[{"embeddable":true,"href":"https:\/\/toutpourlesaidants.fr\/index.php\/wp-json\/wp\/v2\/users\/3"}],"replies":[{"embeddable":true,"href":"https:\/\/toutpourlesaidants.fr\/index.php\/wp-json\/wp\/v2\/comments?post=379"}],"version-history":[{"count":17,"href":"https:\/\/toutpourlesaidants.fr\/index.php\/wp-json\/wp\/v2\/pages\/379\/revisions"}],"predecessor-version":[{"id":1775,"href":"https:\/\/toutpourlesaidants.fr\/index.php\/wp-json\/wp\/v2\/pages\/379\/revisions\/1775"}],"wp:attachment":[{"href":"https:\/\/toutpourlesaidants.fr\/index.php\/wp-json\/wp\/v2\/media?parent=379"}],"curies":[{"name":"wp","href":"https:\/\/api.w.org\/{rel}","templated":true}]}}