{"id":1820,"date":"2020-01-27T10:29:29","date_gmt":"2020-01-27T09:29:29","guid":{"rendered":"http:\/\/toutpourlesaidants.fr\/?page_id=1820"},"modified":"2020-01-27T11:18:25","modified_gmt":"2020-01-27T10:18:25","slug":"articles-sur-les-aidants-et-les-aides","status":"publish","type":"page","link":"https:\/\/toutpourlesaidants.fr\/index.php\/articles-sur-les-aidants-et-les-aides\/","title":{"rendered":"Articles sur les Aidants et les Aid\u00e9s"},"content":{"rendered":"<div class=\"pdfprnt-buttons pdfprnt-buttons-page pdfprnt-top-right\"><a href=\"https:\/\/toutpourlesaidants.fr\/index.php\/wp-json\/wp\/v2\/pages\/1820?print=pdf\" class=\"pdfprnt-button pdfprnt-button-pdf\" target=\"_blank\"><img decoding=\"async\" src=\"http:\/\/toutpourlesaidants.fr\/wp-content\/plugins\/pdf-print\/images\/pdf.png\" alt=\"image_pdf\" title=\"Afficher le PDF\" \/><\/a><a href=\"https:\/\/toutpourlesaidants.fr\/index.php\/wp-json\/wp\/v2\/pages\/1820?print=print\" class=\"pdfprnt-button pdfprnt-button-print\" target=\"_blank\"><img decoding=\"async\" src=\"http:\/\/toutpourlesaidants.fr\/wp-content\/plugins\/pdf-print\/images\/print.png\" alt=\"image_print\" title=\"Contenu imprim\u00e9\" \/><\/a><\/div><p>Cliquez sur les logos pour avoir acc\u00e8s aux articles<\/p>\n<table style=\"border-collapse: collapse; width: 100%;\">\n<tbody>\n<tr>\n<td style=\"width: 21.4825%;\"><a href=\"http:\/\/www.gazette-sante-social.fr\/57469\/notre-systeme-de-sante-ne-pourrait-pas-fonctionner-sans-les-aidants-helene-rossinot-medecin-de-sante-publique?utm_source=flash-info-gss&amp;utm_medium=email&amp;utm_campaign=flash-info-22-01-2020\" target=\"_blank\" rel=\"noopener noreferrer\"><img loading=\"lazy\" decoding=\"async\" class=\"alignnone wp-image-1821 size-full\" src=\"http:\/\/toutpourlesaidants.fr\/wp-content\/uploads\/2020\/01\/Sant\u00e9Social.fr_.png\" alt=\"\" width=\"516\" height=\"109\" srcset=\"https:\/\/toutpourlesaidants.fr\/wp-content\/uploads\/2020\/01\/Sant\u00e9Social.fr_.png 516w, https:\/\/toutpourlesaidants.fr\/wp-content\/uploads\/2020\/01\/Sant\u00e9Social.fr_-300x63.png 300w, https:\/\/toutpourlesaidants.fr\/wp-content\/uploads\/2020\/01\/Sant\u00e9Social.fr_-400x84.png 400w, https:\/\/toutpourlesaidants.fr\/wp-content\/uploads\/2020\/01\/Sant\u00e9Social.fr_-430x91.png 430w, https:\/\/toutpourlesaidants.fr\/wp-content\/uploads\/2020\/01\/Sant\u00e9Social.fr_-150x32.png 150w, https:\/\/toutpourlesaidants.fr\/wp-content\/uploads\/2020\/01\/Sant\u00e9Social.fr_-100x21.png 100w\" sizes=\"(max-width: 516px) 100vw, 516px\" \/><\/a><\/td>\n<td style=\"width: 78.5175%;\"><span style=\"font-size: 12pt; font-family: 'times new roman', times, serif;\"><span class=\"surtitre\">AIDANTS\u00a0<\/span><span class=\"date\">|<\/span>\u00a0<span class=\"date\">22\/01\/2020<\/span><\/span><\/p>\n<p><span style=\"font-size: 12pt; font-family: 'times new roman', times, serif;\">\u201cNotre syst\u00e8me de sant\u00e9 ne pourrait pas fonctionner sans les aidants\u201d \u2013 H\u00e9l\u00e8ne Rossinot, m\u00e9decin de sant\u00e9 publique.<\/span><\/p>\n<p><span style=\"font-family: 'times new roman', times, serif; font-size: 12pt;\">par Nathalie Picard<\/span><\/td>\n<\/tr>\n<tr>\n<td style=\"width: 21.4825%;\"><a href=\"https:\/\/rcf.fr\/actualite\/le-massage-des-mains-pour-reinstaurer-la-notion-de-couple-entre-aidantaide\" target=\"_blank\" rel=\"noopener noreferrer\"><img loading=\"lazy\" decoding=\"async\" class=\"alignnone wp-image-1828 size-full\" src=\"http:\/\/toutpourlesaidants.fr\/wp-content\/uploads\/2020\/01\/RCF-radio.png\" alt=\"\" width=\"223\" height=\"122\" srcset=\"https:\/\/toutpourlesaidants.fr\/wp-content\/uploads\/2020\/01\/RCF-radio.png 223w, https:\/\/toutpourlesaidants.fr\/wp-content\/uploads\/2020\/01\/RCF-radio-150x82.png 150w, https:\/\/toutpourlesaidants.fr\/wp-content\/uploads\/2020\/01\/RCF-radio-100x55.png 100w\" sizes=\"(max-width: 223px) 100vw, 223px\" \/><\/a><\/td>\n<td style=\"width: 78.5175%;\">\n<p class=\"title-content\"><span style=\"font-family: 'times new roman', times, serif; font-size: 12pt;\">Le massage des mains pour reinstaurer la notion de couple entre aidant\/aid\u00e9<\/span><\/p>\n<\/td>\n<\/tr>\n<tr>\n<td style=\"width: 21.4825%;\"><\/td>\n<td style=\"width: 78.5175%;\"><\/td>\n<\/tr>\n<tr>\n<td style=\"width: 21.4825%;\"><\/td>\n<td style=\"width: 78.5175%;\"><\/td>\n<\/tr>\n<tr>\n<td style=\"width: 21.4825%;\"><\/td>\n<td style=\"width: 78.5175%;\"><\/td>\n<\/tr>\n<tr>\n<td style=\"width: 21.4825%;\"><\/td>\n<td style=\"width: 78.5175%;\"><\/td>\n<\/tr>\n<\/tbody>\n<\/table>\n","protected":false},"excerpt":{"rendered":"<p>Cliquez sur les logos pour avoir acc\u00e8s aux articles AIDANTS\u00a0|\u00a022\/01\/2020 \u201cNotre syst\u00e8me de sant\u00e9 ne pourrait pas fonctionner sans les aidants\u201d \u2013 H\u00e9l\u00e8ne Rossinot, m\u00e9decin de sant\u00e9 publique. par Nathalie [&hellip;]<\/p>\n","protected":false},"author":3,"featured_media":0,"parent":0,"menu_order":0,"comment_status":"closed","ping_status":"closed","template":"","meta":{"footnotes":""},"yoast_head":"<!-- This site is optimized with the Yoast SEO plugin v20.2.1 - https:\/\/yoast.com\/wordpress\/plugins\/seo\/ -->\n<title>Articles sur les Aidants et les Aid\u00e9s - r\u00e9pit et accompagnement des aidants<\/title>\n<meta name=\"robots\" content=\"index, follow, max-snippet:-1, max-image-preview:large, max-video-preview:-1\" \/>\n<link rel=\"canonical\" href=\"https:\/\/toutpourlesaidants.fr\/index.php\/articles-sur-les-aidants-et-les-aides\/\" \/>\n<meta property=\"og:locale\" content=\"fr_FR\" \/>\n<meta property=\"og:type\" content=\"article\" \/>\n<meta property=\"og:title\" content=\"Articles sur les Aidants et les Aid\u00e9s - r\u00e9pit et accompagnement des aidants\" \/>\n<meta property=\"og:description\" content=\"Cliquez sur les logos pour avoir acc\u00e8s aux articles AIDANTS\u00a0|\u00a022\/01\/2020 \u201cNotre syst\u00e8me de sant\u00e9 ne pourrait pas fonctionner sans les aidants\u201d \u2013 H\u00e9l\u00e8ne Rossinot, m\u00e9decin de sant\u00e9 publique. par Nathalie [&hellip;]\" \/>\n<meta property=\"og:url\" content=\"https:\/\/toutpourlesaidants.fr\/index.php\/articles-sur-les-aidants-et-les-aides\/\" \/>\n<meta property=\"og:site_name\" content=\"r\u00e9pit et accompagnement des aidants\" \/>\n<meta property=\"article:modified_time\" content=\"2020-01-27T10:18:25+00:00\" \/>\n<meta property=\"og:image\" content=\"http:\/\/toutpourlesaidants.fr\/wp-content\/uploads\/2020\/01\/RCF-radio.png\" \/>\n<meta name=\"twitter:card\" content=\"summary_large_image\" \/>\n<script type=\"application\/ld+json\" class=\"yoast-schema-graph\">{\"@context\":\"https:\/\/schema.org\",\"@graph\":[{\"@type\":\"WebPage\",\"@id\":\"https:\/\/toutpourlesaidants.fr\/index.php\/articles-sur-les-aidants-et-les-aides\/\",\"url\":\"https:\/\/toutpourlesaidants.fr\/index.php\/articles-sur-les-aidants-et-les-aides\/\",\"name\":\"Articles sur les Aidants et les Aid\u00e9s - r\u00e9pit et accompagnement des aidants\",\"isPartOf\":{\"@id\":\"https:\/\/toutpourlesaidants.fr\/#website\"},\"datePublished\":\"2020-01-27T09:29:29+00:00\",\"dateModified\":\"2020-01-27T10:18:25+00:00\",\"breadcrumb\":{\"@id\":\"https:\/\/toutpourlesaidants.fr\/index.php\/articles-sur-les-aidants-et-les-aides\/#breadcrumb\"},\"inLanguage\":\"fr-FR\",\"potentialAction\":[{\"@type\":\"ReadAction\",\"target\":[\"https:\/\/toutpourlesaidants.fr\/index.php\/articles-sur-les-aidants-et-les-aides\/\"]}]},{\"@type\":\"BreadcrumbList\",\"@id\":\"https:\/\/toutpourlesaidants.fr\/index.php\/articles-sur-les-aidants-et-les-aides\/#breadcrumb\",\"itemListElement\":[{\"@type\":\"ListItem\",\"position\":1,\"name\":\"Accueil\",\"item\":\"https:\/\/toutpourlesaidants.fr\/\"},{\"@type\":\"ListItem\",\"position\":2,\"name\":\"Articles sur les Aidants et les Aid\u00e9s\"}]},{\"@type\":\"WebSite\",\"@id\":\"https:\/\/toutpourlesaidants.fr\/#website\",\"url\":\"https:\/\/toutpourlesaidants.fr\/\",\"name\":\"tout pour les aidants\",\"description\":\"Plateforme de Valence et ses environs\",\"publisher\":{\"@id\":\"https:\/\/toutpourlesaidants.fr\/#organization\"},\"potentialAction\":[{\"@type\":\"SearchAction\",\"target\":{\"@type\":\"EntryPoint\",\"urlTemplate\":\"https:\/\/toutpourlesaidants.fr\/?s={search_term_string}\"},\"query-input\":\"required name=search_term_string\"}],\"inLanguage\":\"fr-FR\"},{\"@type\":\"Organization\",\"@id\":\"https:\/\/toutpourlesaidants.fr\/#organization\",\"name\":\"Plateforme de r\u00e9pit et d'accompagnement des aidants\",\"url\":\"https:\/\/toutpourlesaidants.fr\/\",\"logo\":{\"@type\":\"ImageObject\",\"inLanguage\":\"fr-FR\",\"@id\":\"https:\/\/toutpourlesaidants.fr\/#\/schema\/logo\/image\/\",\"url\":\"http:\/\/toutpourlesaidants.fr\/wp-content\/uploads\/2018\/10\/logo-plateforme.jpg\",\"contentUrl\":\"http:\/\/toutpourlesaidants.fr\/wp-content\/uploads\/2018\/10\/logo-plateforme.jpg\",\"width\":379,\"height\":378,\"caption\":\"Plateforme de r\u00e9pit et d'accompagnement des aidants\"},\"image\":{\"@id\":\"https:\/\/toutpourlesaidants.fr\/#\/schema\/logo\/image\/\"}}]}<\/script>\n<!-- \/ Yoast SEO plugin. -->","yoast_head_json":{"title":"Articles sur les Aidants et les Aid\u00e9s - r\u00e9pit et accompagnement des aidants","robots":{"index":"index","follow":"follow","max-snippet":"max-snippet:-1","max-image-preview":"max-image-preview:large","max-video-preview":"max-video-preview:-1"},"canonical":"https:\/\/toutpourlesaidants.fr\/index.php\/articles-sur-les-aidants-et-les-aides\/","og_locale":"fr_FR","og_type":"article","og_title":"Articles sur les Aidants et les Aid\u00e9s - r\u00e9pit et accompagnement des aidants","og_description":"Cliquez sur les logos pour avoir acc\u00e8s aux articles AIDANTS\u00a0|\u00a022\/01\/2020 \u201cNotre syst\u00e8me de sant\u00e9 ne pourrait pas fonctionner sans les aidants\u201d \u2013 H\u00e9l\u00e8ne Rossinot, m\u00e9decin de sant\u00e9 publique. par Nathalie [&hellip;]","og_url":"https:\/\/toutpourlesaidants.fr\/index.php\/articles-sur-les-aidants-et-les-aides\/","og_site_name":"r\u00e9pit et accompagnement des aidants","article_modified_time":"2020-01-27T10:18:25+00:00","og_image":[{"url":"http:\/\/toutpourlesaidants.fr\/wp-content\/uploads\/2020\/01\/RCF-radio.png"}],"twitter_card":"summary_large_image","schema":{"@context":"https:\/\/schema.org","@graph":[{"@type":"WebPage","@id":"https:\/\/toutpourlesaidants.fr\/index.php\/articles-sur-les-aidants-et-les-aides\/","url":"https:\/\/toutpourlesaidants.fr\/index.php\/articles-sur-les-aidants-et-les-aides\/","name":"Articles sur les Aidants et les Aid\u00e9s - r\u00e9pit et accompagnement des aidants","isPartOf":{"@id":"https:\/\/toutpourlesaidants.fr\/#website"},"datePublished":"2020-01-27T09:29:29+00:00","dateModified":"2020-01-27T10:18:25+00:00","breadcrumb":{"@id":"https:\/\/toutpourlesaidants.fr\/index.php\/articles-sur-les-aidants-et-les-aides\/#breadcrumb"},"inLanguage":"fr-FR","potentialAction":[{"@type":"ReadAction","target":["https:\/\/toutpourlesaidants.fr\/index.php\/articles-sur-les-aidants-et-les-aides\/"]}]},{"@type":"BreadcrumbList","@id":"https:\/\/toutpourlesaidants.fr\/index.php\/articles-sur-les-aidants-et-les-aides\/#breadcrumb","itemListElement":[{"@type":"ListItem","position":1,"name":"Accueil","item":"https:\/\/toutpourlesaidants.fr\/"},{"@type":"ListItem","position":2,"name":"Articles sur les Aidants et les Aid\u00e9s"}]},{"@type":"WebSite","@id":"https:\/\/toutpourlesaidants.fr\/#website","url":"https:\/\/toutpourlesaidants.fr\/","name":"tout pour les aidants","description":"Plateforme de Valence et ses environs","publisher":{"@id":"https:\/\/toutpourlesaidants.fr\/#organization"},"potentialAction":[{"@type":"SearchAction","target":{"@type":"EntryPoint","urlTemplate":"https:\/\/toutpourlesaidants.fr\/?s={search_term_string}"},"query-input":"required name=search_term_string"}],"inLanguage":"fr-FR"},{"@type":"Organization","@id":"https:\/\/toutpourlesaidants.fr\/#organization","name":"Plateforme de r\u00e9pit et d'accompagnement des aidants","url":"https:\/\/toutpourlesaidants.fr\/","logo":{"@type":"ImageObject","inLanguage":"fr-FR","@id":"https:\/\/toutpourlesaidants.fr\/#\/schema\/logo\/image\/","url":"http:\/\/toutpourlesaidants.fr\/wp-content\/uploads\/2018\/10\/logo-plateforme.jpg","contentUrl":"http:\/\/toutpourlesaidants.fr\/wp-content\/uploads\/2018\/10\/logo-plateforme.jpg","width":379,"height":378,"caption":"Plateforme de r\u00e9pit et d'accompagnement des aidants"},"image":{"@id":"https:\/\/toutpourlesaidants.fr\/#\/schema\/logo\/image\/"}}]}},"_links":{"self":[{"href":"https:\/\/toutpourlesaidants.fr\/index.php\/wp-json\/wp\/v2\/pages\/1820"}],"collection":[{"href":"https:\/\/toutpourlesaidants.fr\/index.php\/wp-json\/wp\/v2\/pages"}],"about":[{"href":"https:\/\/toutpourlesaidants.fr\/index.php\/wp-json\/wp\/v2\/types\/page"}],"author":[{"embeddable":true,"href":"https:\/\/toutpourlesaidants.fr\/index.php\/wp-json\/wp\/v2\/users\/3"}],"replies":[{"embeddable":true,"href":"https:\/\/toutpourlesaidants.fr\/index.php\/wp-json\/wp\/v2\/comments?post=1820"}],"version-history":[{"count":5,"href":"https:\/\/toutpourlesaidants.fr\/index.php\/wp-json\/wp\/v2\/pages\/1820\/revisions"}],"predecessor-version":[{"id":1829,"href":"https:\/\/toutpourlesaidants.fr\/index.php\/wp-json\/wp\/v2\/pages\/1820\/revisions\/1829"}],"wp:attachment":[{"href":"https:\/\/toutpourlesaidants.fr\/index.php\/wp-json\/wp\/v2\/media?parent=1820"}],"curies":[{"name":"wp","href":"https:\/\/api.w.org\/{rel}","templated":true}]}}